{"id":171,"date":"2022-11-15T19:37:00","date_gmt":"2022-11-15T18:37:00","guid":{"rendered":"https:\/\/pszczelarz.tv\/?page_id=171"},"modified":"2022-11-15T19:37:00","modified_gmt":"2022-11-15T18:37:00","slug":"wsparcie","status":"publish","type":"page","link":"https:\/\/pszczelarz.tv\/index.php\/wsparcie\/","title":{"rendered":"Wsparcie"},"content":{"rendered":"<p>\ud83d\udcb0 Je\u017celi chcia\u0142by\u015b wesprze\u0107 mnie finansowo mo\u017cesz tego dokona\u0107 na trzy sposoby:<\/p>\n<p>1\ufe0f\u20e3 Poprzez portal BuyCoffe : <a href=\"https:\/\/buycoffee.to\/pszczelarz_z_wachocka\/\" rel=\"noopener\" target=\"_blank\">https:\/\/buycoffee.to\/pszczelarz_z_wachocka\/<\/a> &#8211; mo\u017cesz mnie wesprze\u0107 wirtualn\u0105 kaw\u0105 &#8211; drobn\u0105 kwot\u0105, kt\u00f3r\u0105 przeznacz\u0119 na pewno na co\u015b co pozwoli mi si\u0119 dalej rozwija\u0107 i tworzy\u0107 ten unikalny pszczeli content!<\/p>\n<p>2\ufe0f\u20e3 Poprzez portal Patronite : <a href=\"https:\/\/patronite.pl\/pszczelarz_z_wachocka\" rel=\"noopener\" target=\"_blank\">https:\/\/patronite.pl\/pszczelarz_z_wachocka<\/a> &#8211; w zamian za zostanie moim Patronem otrzymasz dost\u0119p do specjalnej (tajnej \ud83d\udc7d) grupy Patron\u00f3w gdzie s\u0142u\u017c\u0119 rad\u0105, pomoc\u0105, odpowiadam na pytania z zakresu pszczelarstwa oraz publikuj\u0119 materia\u0142y dost\u0119pne tylko dla moich Patron\u00f3w. W zale\u017cno\u015bci od wysoko\u015bci wsparcia uzyskasz te\u017c dost\u0119p do r\u00f3\u017cnego rodzaju unikalnych nagr\u00f3d!<\/p>\n<p>3\ufe0f\u20e3 Mo\u017cesz dokona\u0107 przelew w dowolnej kwocie na konto:<br \/>\nGospodarstwo Pasieczne &#8222;Miody z W\u0105chocka&#8221;<br \/>\nPKO BP, numer konta:  20 1020 2674 0000 2202 0175 7103<br \/>\nKoniecznie z tytu\u0142em wp\u0142aty &#8222;DAROWIZNA&#8221;.<\/p>\n","protected":false},"excerpt":{"rendered":"<p>\ud83d\udcb0 Je\u017celi chcia\u0142by\u015b wesprze\u0107 mnie finansowo mo\u017cesz tego dokona\u0107 na trzy sposoby: 1\ufe0f\u20e3 Poprzez portal BuyCoffe : https:\/\/buycoffee.to\/pszczelarz_z_wachocka\/ &#8211; mo\u017cesz mnie wesprze\u0107 wirtualn\u0105 kaw\u0105 &#8211; drobn\u0105 kwot\u0105, kt\u00f3r\u0105 przeznacz\u0119 na pewno na co\u015b co pozwoli mi si\u0119 dalej rozwija\u0107 i tworzy\u0107 ten unikalny pszczeli content! 2\ufe0f\u20e3 Poprzez portal Patronite : https:\/\/patronite.pl\/pszczelarz_z_wachocka &#8211; w zamian za [&hellip;]<\/p>\n","protected":false},"author":1,"featured_media":0,"parent":0,"menu_order":0,"comment_status":"closed","ping_status":"closed","template":"","meta":{"footnotes":""},"class_list":["post-171","page","type-page","status-publish","hentry"],"_links":{"self":[{"href":"https:\/\/pszczelarz.tv\/index.php\/wp-json\/wp\/v2\/pages\/171","targetHints":{"allow":["GET"]}}],"collection":[{"href":"https:\/\/pszczelarz.tv\/index.php\/wp-json\/wp\/v2\/pages"}],"about":[{"href":"https:\/\/pszczelarz.tv\/index.php\/wp-json\/wp\/v2\/types\/page"}],"author":[{"embeddable":true,"href":"https:\/\/pszczelarz.tv\/index.php\/wp-json\/wp\/v2\/users\/1"}],"replies":[{"embeddable":true,"href":"https:\/\/pszczelarz.tv\/index.php\/wp-json\/wp\/v2\/comments?post=171"}],"version-history":[{"count":1,"href":"https:\/\/pszczelarz.tv\/index.php\/wp-json\/wp\/v2\/pages\/171\/revisions"}],"predecessor-version":[{"id":172,"href":"https:\/\/pszczelarz.tv\/index.php\/wp-json\/wp\/v2\/pages\/171\/revisions\/172"}],"wp:attachment":[{"href":"https:\/\/pszczelarz.tv\/index.php\/wp-json\/wp\/v2\/media?parent=171"}],"curies":[{"name":"wp","href":"https:\/\/api.w.org\/{rel}","templated":true}]}}